{"id":222,"date":"2010-10-02T18:11:08","date_gmt":"2010-10-02T18:11:08","guid":{"rendered":"http:\/\/www.dog-design.fr\/?page_id=222"},"modified":"2010-10-02T18:11:08","modified_gmt":"2010-10-02T18:11:08","slug":"sphere-galets","status":"publish","type":"page","link":"https:\/\/denis-auge.com\/art\/sphere-galets","title":{"rendered":"Sphere en galets"},"content":{"rendered":"<div id=\"attachment_231\" style=\"width: 260px\" class=\"wp-caption alignright\"><a href=\"https:\/\/denis-auge.com\/art\/wp-content\/uploads\/2010\/10\/sphere-galet-naissance.jpg\"><img loading=\"lazy\" decoding=\"async\" aria-describedby=\"caption-attachment-231\" class=\"size-full wp-image-231\" title=\"Naissance de la sphere en galet\" src=\"https:\/\/denis-auge.com\/art\/wp-content\/uploads\/2010\/10\/sphere-galet-naissance.jpg\" alt=\"Naissance de la sphere en galet\" width=\"250\" height=\"206\" \/><\/a><p id=\"caption-attachment-231\" class=\"wp-caption-text\">Naissance de la sphere en galet...<\/p><\/div>\n<h3>Une sph\u00e8re en galet ?<\/h3>\n<p>\u00c9trange id\u00e9e pourriez-vous penser ? Et pourtant la <strong>sph\u00e8re en galets<\/strong> est une r\u00e9alit\u00e9.<br \/>\nDenis Aug\u00e9 en est l&rsquo;inventeur. Cet artisan, jamais en manque d&rsquo;id\u00e9es, a su tirer parti des petits <em>galets<\/em> qu&rsquo;il regardait dans les parcs et accessoirement dans son jardin dans le Sud-Ouest de la France. Il souhaitait absolument cr\u00e9er quelque chose avec ces petits <strong>galets<\/strong>&#8230;<br \/>\nLes sph\u00e8res en galets (moins \u00e9l\u00e9gamment appel\u00e9es <strong>boule en galets<\/strong>) sont n\u00e9es apr\u00e8s quelques essais d&rsquo;assemblages des galets entre eux. Le r\u00e9sultat (la fameuse sph\u00e8re en galet) est plut\u00f4t flatteur et ses proches\u00a0 l&rsquo;encouragent dans cette voie.<br \/>\n<div id=\"attachment_223\" style=\"width: 260px\" class=\"wp-caption alignright\"><a href=\"https:\/\/denis-auge.com\/art\/wp-content\/uploads\/2010\/10\/denis-auge-sphere-galet.jpg\"><img loading=\"lazy\" decoding=\"async\" aria-describedby=\"caption-attachment-223\" class=\"size-full wp-image-223\" title=\"Fabrication de la sphere galet\" src=\"https:\/\/denis-auge.com\/art\/wp-content\/uploads\/2010\/10\/denis-auge-sphere-galet.jpg\" alt=\"Fabrication de la sphere galet\" width=\"250\" height=\"206\" \/><\/a><p id=\"caption-attachment-223\" class=\"wp-caption-text\">Fabrication de la sph\u00e8re en galets (Denis Aug\u00e9 dans l&#39;atelier de Dog Design)<\/p><\/div><\/p>\n<h3>Histoire de la fabrication de la Sph\u00e8re en Galet<\/h3>\n<p>La fabrication de ces <strong>sph\u00e8res \u00e0 base de galets<\/strong> de rivi\u00e8re est un secret que Denis Aug\u00e9 et Shona Fraser gardent jalousement. Ils auront pass\u00e9 presque une ann\u00e9e enti\u00e8re en \u00ab\u00a0recherche et d\u00e9veloppement\u00a0\u00bb\u00a0 &#8211; si tent\u00e9 que l&rsquo;on puisse utiliser une telle appellation pour un artiste &#8211; artisan.<br \/>\nEssais, \u00e9checs, casse, tests de r\u00e9sistance en divers milieux (m\u00eame aquatique !), La sph\u00e8re en galet Dog Design est pass\u00e9e par toutes les phases jusqu&rsquo;\u00e0 l&rsquo;aboutissement des derniers tests les plus concluants !<br \/>\nLe concept est pr\u00eat, Denis cr\u00e9\u00e9 sa soci\u00e9t\u00e9 en d\u00e9but d&rsquo;ann\u00e9e 2010 et peut d\u00e9sormais commencer la commercialisation de ses sph\u00e8res en galets !<\/p>\n<h3>La sph\u00e8re en galet, v\u00e9ritable sculpture contemporaine<\/h3>\n","protected":false},"excerpt":{"rendered":"<p>Une sph\u00e8re en galet ? \u00c9trange id\u00e9e pourriez-vous penser ? Et pourtant la sph\u00e8re en galets est une r\u00e9alit\u00e9. Denis Aug\u00e9 en est l&rsquo;inventeur. Cet artisan, jamais en manque d&rsquo;id\u00e9es, a su tirer parti des petits galets qu&rsquo;il regardait dans les parcs et accessoirement dans son jardin dans le Sud-Ouest de la France. Il souhaitait [&hellip;]<\/p>\n","protected":false},"author":2,"featured_media":0,"parent":0,"menu_order":0,"comment_status":"open","ping_status":"open","template":"","meta":{"_et_pb_use_builder":"","_et_pb_old_content":"","_et_gb_content_width":"","footnotes":""},"class_list":["post-222","page","type-page","status-publish","hentry"],"_links":{"self":[{"href":"https:\/\/denis-auge.com\/art\/wp-json\/wp\/v2\/pages\/222","targetHints":{"allow":["GET"]}}],"collection":[{"href":"https:\/\/denis-auge.com\/art\/wp-json\/wp\/v2\/pages"}],"about":[{"href":"https:\/\/denis-auge.com\/art\/wp-json\/wp\/v2\/types\/page"}],"author":[{"embeddable":true,"href":"https:\/\/denis-auge.com\/art\/wp-json\/wp\/v2\/users\/2"}],"replies":[{"embeddable":true,"href":"https:\/\/denis-auge.com\/art\/wp-json\/wp\/v2\/comments?post=222"}],"version-history":[{"count":0,"href":"https:\/\/denis-auge.com\/art\/wp-json\/wp\/v2\/pages\/222\/revisions"}],"wp:attachment":[{"href":"https:\/\/denis-auge.com\/art\/wp-json\/wp\/v2\/media?parent=222"}],"curies":[{"name":"wp","href":"https:\/\/api.w.org\/{rel}","templated":true}]}}